{"id":90,"date":"2023-08-01T15:14:47","date_gmt":"2023-08-01T13:14:47","guid":{"rendered":"https:\/\/re-arrange.de\/?page_id=90"},"modified":"2024-06-26T23:41:59","modified_gmt":"2024-06-26T21:41:59","slug":"impressum","status":"publish","type":"page","link":"https:\/\/re-arrange.de\/deutsch\/impressum\/","title":{"rendered":"IMPRESSUM"},"content":{"rendered":"\n<h2 class=\"wp-block-heading has-text-align-center\">IMPRESSUM<\/h2>\n\n\n\n<div style=\"height:81px\" aria-hidden=\"true\" class=\"wp-block-spacer\"><\/div>\n\n\n\n<p><strong><a href=\"https:\/\/www.linkedin.com\/company\/rearrange-ggmbh\/\" target=\"_blank\" rel=\"noreferrer noopener\">Rearrange gGmbH<\/a><\/strong><\/p>\n\n\n\n<p><strong>Gesch\u00e4ftsf\u00fchrung und Vertretungsberechtigte:<\/strong><\/p>\n\n\n\n<p>Rebecca-Paulina Prausner <\/p>\n\n\n\n<p><strong>Anschrift:<\/strong><\/p>\n\n\n\n<p>Kochhannstra\u00dfe 6, 10249 Berlin<\/p>\n\n\n\n<p><strong>Handelsregister:<\/strong><\/p>\n\n\n\n<p>HRB 253328<\/p>\n\n\n\n<p>Amtsgericht Berlin Charlottenburg<\/p>\n\n\n\n<p><strong>Steuernummer:<\/strong><\/p>\n\n\n\n<p>27\/612\/09587<\/p>\n\n\n\n<p><strong>Elektronische Postadresse:<\/strong><\/p>\n\n\n\n<p><a href=\"mailto:rebecca.prausner@re-arrange.de\">rebecca.prausner@re-arrange.de<\/a><\/p>\n\n\n\n<p><strong>Zweck des Webprojekts:<\/strong><\/p>\n\n\n\n<p>Webpr\u00e4senz der Rearrange gGmbH&nbsp;<\/p>\n\n\n\n<p><strong>Verantwortungsbereich:&nbsp;<\/strong><\/p>\n\n\n\n<p>Dieses Impressum gilt nur f\u00fcr die Internetpr\u00e4senz der Website www.re-arrange.de<\/p>\n\n\n\n<p><strong>Inhaltliche Verantwortung:<\/strong><\/p>\n\n\n\n<p>Rearrange gGmbH<\/p>\n\n\n\n<p><strong>Webdesign, Animation, Grafiken:&nbsp;<\/strong><\/p>\n\n\n\n<p><a href=\"https:\/\/www.linkedin.com\/in\/ricarda-pfaffenbichler-028b64144\/\" target=\"_blank\" rel=\"noreferrer noopener\">Ricarda Pfaffenbichler<\/a>, <a href=\"https:\/\/www.peter-wilfing.com\" target=\"_blank\" rel=\"noreferrer noopener\">Peter Wilfling<\/a>, <a href=\"https:\/\/nineamdesignfabrik.wordpress.com\/ueber-uns\/\" target=\"_blank\" rel=\"noreferrer noopener\">Michele Aiello<\/a><\/p>\n\n\n\n<p><strong>Logo:<\/strong><\/p>\n\n\n\n<p><a href=\"http:\/\/www.aboutblank.de\/\" target=\"_blank\" rel=\"noreferrer noopener\">Felix Seyfert&nbsp;<\/a><\/p>\n\n\n\n<p><strong>Fotos:<\/strong><\/p>\n\n\n\n<p>Tosca Prausner&nbsp;<\/p>\n\n\n\n<p><strong>Beansprucht wird Schutzrecht f\u00fcr:<\/strong><\/p>\n\n\n\n<p>Alle Inhalte<\/p>\n\n\n\n<p><strong>Urheberschutz und Nutzung:<\/strong><\/p>\n\n\n\n<p>Die Urheberinnen r\u00e4umen Ihnen das Nutzungsrecht ein, sich eine private Kopie der Inhalte f\u00fcr private Zwecke anzufertigen. Nicht berechtigt sind Sie dagegen, Inhalte zu ver\u00e4ndern und\/oder weiterzugeben oder selbst zu ver\u00f6ffentlichen.&nbsp;<\/p>\n\n\n\n<div style=\"height:100px\" aria-hidden=\"true\" class=\"wp-block-spacer\"><\/div>\n","protected":false},"excerpt":{"rendered":"<p>IMPRESSUM Rearrange gGmbH Gesch\u00e4ftsf\u00fchrung und Vertretungsberechtigte: Rebecca-Paulina Prausner Anschrift: Kochhannstra\u00dfe 6, 10249 Berlin Handelsregister: HRB 253328 Amtsgericht Berlin Charlottenburg Steuernummer: 27\/612\/09587 Elektronische Postadresse: rebecca.prausner@re-arrange.de Zweck des Webprojekts: Webpr\u00e4senz der Rearrange gGmbH&nbsp; Verantwortungsbereich:&nbsp; Dieses Impressum gilt nur f\u00fcr die Internetpr\u00e4senz der Website www.re-arrange.de Inhaltliche Verantwortung: Rearrange gGmbH Webdesign, Animation, Grafiken:&nbsp; Ricarda Pfaffenbichler, Peter Wilfling, Michele Aiello [&hellip;]<\/p>\n","protected":false},"author":4,"featured_media":0,"parent":0,"menu_order":0,"comment_status":"closed","ping_status":"closed","template":"","meta":{"footnotes":""},"class_list":["post-90","page","type-page","status-publish","hentry"],"blocksy_meta":{"page_structure_type":"type-3"},"yoast_head":"<!-- This site is optimized with the Yoast SEO plugin v27.5 - https:\/\/yoast.com\/product\/yoast-seo-wordpress\/ -->\n<title>IMPRESSUM | Rearrange gGmbH<\/title>\n<meta name=\"description\" content=\"Erfahren Sie wie Rearrange sich aufstellt und konstituiert ist. Hier finden Sie alle Details und mehr.\" \/>\n<meta name=\"robots\" content=\"index, follow, max-snippet:-1, max-image-preview:large, max-video-preview:-1\" \/>\n<link rel=\"canonical\" href=\"https:\/\/re-arrange.de\/deutsch\/impressum\/\" \/>\n<meta property=\"og:locale\" content=\"de_DE\" \/>\n<meta property=\"og:type\" content=\"article\" \/>\n<meta property=\"og:title\" content=\"IMPRESSUM | Rearrange gGmbH\" \/>\n<meta property=\"og:description\" content=\"Erfahren Sie wie Rearrange sich aufstellt und konstituiert ist. Hier finden Sie alle Details und mehr.\" \/>\n<meta property=\"og:url\" content=\"https:\/\/re-arrange.de\/deutsch\/impressum\/\" \/>\n<meta property=\"og:site_name\" content=\"Rearrange gGmbH\" \/>\n<meta property=\"article:modified_time\" content=\"2024-06-26T21:41:59+00:00\" \/>\n<meta name=\"twitter:card\" content=\"summary_large_image\" \/>\n<meta name=\"twitter:label1\" content=\"Gesch\u00e4tzte Lesezeit\" \/>\n\t<meta name=\"twitter:data1\" content=\"1\u00a0Minute\" \/>\n<script type=\"application\/ld+json\" class=\"yoast-schema-graph\">{\"@context\":\"https:\\\/\\\/schema.org\",\"@graph\":[{\"@type\":\"WebPage\",\"@id\":\"https:\\\/\\\/re-arrange.de\\\/impressum\\\/\",\"url\":\"https:\\\/\\\/re-arrange.de\\\/impressum\\\/\",\"name\":\"IMPRESSUM | Rearrange gGmbH\",\"isPartOf\":{\"@id\":\"https:\\\/\\\/re-arrange.de\\\/#website\"},\"datePublished\":\"2023-08-01T13:14:47+00:00\",\"dateModified\":\"2024-06-26T21:41:59+00:00\",\"description\":\"Erfahren Sie wie Rearrange sich aufstellt und konstituiert ist. Hier finden Sie alle Details und mehr.\",\"breadcrumb\":{\"@id\":\"https:\\\/\\\/re-arrange.de\\\/impressum\\\/#breadcrumb\"},\"inLanguage\":\"de\",\"potentialAction\":[{\"@type\":\"ReadAction\",\"target\":[\"https:\\\/\\\/re-arrange.de\\\/impressum\\\/\"]}]},{\"@type\":\"BreadcrumbList\",\"@id\":\"https:\\\/\\\/re-arrange.de\\\/impressum\\\/#breadcrumb\",\"itemListElement\":[{\"@type\":\"ListItem\",\"position\":1,\"name\":\"Startseite\",\"item\":\"https:\\\/\\\/re-arrange.de\\\/\"},{\"@type\":\"ListItem\",\"position\":2,\"name\":\"IMPRESSUM\"}]},{\"@type\":\"WebSite\",\"@id\":\"https:\\\/\\\/re-arrange.de\\\/#website\",\"url\":\"https:\\\/\\\/re-arrange.de\\\/\",\"name\":\"Rearrange gGmbH\",\"description\":\"Wir l\u00f6sen soziale Probleme\",\"publisher\":{\"@id\":\"https:\\\/\\\/re-arrange.de\\\/#organization\"},\"alternateName\":\"Rearrange\",\"potentialAction\":[{\"@type\":\"SearchAction\",\"target\":{\"@type\":\"EntryPoint\",\"urlTemplate\":\"https:\\\/\\\/re-arrange.de\\\/?s={search_term_string}\"},\"query-input\":{\"@type\":\"PropertyValueSpecification\",\"valueRequired\":true,\"valueName\":\"search_term_string\"}}],\"inLanguage\":\"de\"},{\"@type\":\"Organization\",\"@id\":\"https:\\\/\\\/re-arrange.de\\\/#organization\",\"name\":\"Rearrange gGmbH\",\"alternateName\":\"Rearrage\",\"url\":\"https:\\\/\\\/re-arrange.de\\\/\",\"logo\":{\"@type\":\"ImageObject\",\"inLanguage\":\"de\",\"@id\":\"https:\\\/\\\/re-arrange.de\\\/#\\\/schema\\\/logo\\\/image\\\/\",\"url\":\"https:\\\/\\\/re-arrange.de\\\/wp-content\\\/uploads\\\/2023\\\/07\\\/REA-Logo-final-500px.png\",\"contentUrl\":\"https:\\\/\\\/re-arrange.de\\\/wp-content\\\/uploads\\\/2023\\\/07\\\/REA-Logo-final-500px.png\",\"width\":500,\"height\":205,\"caption\":\"Rearrange gGmbH\"},\"image\":{\"@id\":\"https:\\\/\\\/re-arrange.de\\\/#\\\/schema\\\/logo\\\/image\\\/\"},\"sameAs\":[\"https:\\\/\\\/www.linkedin.com\\\/company\\\/rearrange-ggmbh\\\/about\\\/\"]}]}<\/script>\n<!-- \/ Yoast SEO plugin. -->","yoast_head_json":{"title":"IMPRESSUM | Rearrange gGmbH","description":"Erfahren Sie wie Rearrange sich aufstellt und konstituiert ist. Hier finden Sie alle Details und mehr.","robots":{"index":"index","follow":"follow","max-snippet":"max-snippet:-1","max-image-preview":"max-image-preview:large","max-video-preview":"max-video-preview:-1"},"canonical":"https:\/\/re-arrange.de\/deutsch\/impressum\/","og_locale":"de_DE","og_type":"article","og_title":"IMPRESSUM | Rearrange gGmbH","og_description":"Erfahren Sie wie Rearrange sich aufstellt und konstituiert ist. Hier finden Sie alle Details und mehr.","og_url":"https:\/\/re-arrange.de\/deutsch\/impressum\/","og_site_name":"Rearrange gGmbH","article_modified_time":"2024-06-26T21:41:59+00:00","twitter_card":"summary_large_image","twitter_misc":{"Gesch\u00e4tzte Lesezeit":"1\u00a0Minute"},"schema":{"@context":"https:\/\/schema.org","@graph":[{"@type":"WebPage","@id":"https:\/\/re-arrange.de\/impressum\/","url":"https:\/\/re-arrange.de\/impressum\/","name":"IMPRESSUM | Rearrange gGmbH","isPartOf":{"@id":"https:\/\/re-arrange.de\/#website"},"datePublished":"2023-08-01T13:14:47+00:00","dateModified":"2024-06-26T21:41:59+00:00","description":"Erfahren Sie wie Rearrange sich aufstellt und konstituiert ist. Hier finden Sie alle Details und mehr.","breadcrumb":{"@id":"https:\/\/re-arrange.de\/impressum\/#breadcrumb"},"inLanguage":"de","potentialAction":[{"@type":"ReadAction","target":["https:\/\/re-arrange.de\/impressum\/"]}]},{"@type":"BreadcrumbList","@id":"https:\/\/re-arrange.de\/impressum\/#breadcrumb","itemListElement":[{"@type":"ListItem","position":1,"name":"Startseite","item":"https:\/\/re-arrange.de\/"},{"@type":"ListItem","position":2,"name":"IMPRESSUM"}]},{"@type":"WebSite","@id":"https:\/\/re-arrange.de\/#website","url":"https:\/\/re-arrange.de\/","name":"Rearrange gGmbH","description":"Wir l\u00f6sen soziale Probleme","publisher":{"@id":"https:\/\/re-arrange.de\/#organization"},"alternateName":"Rearrange","potentialAction":[{"@type":"SearchAction","target":{"@type":"EntryPoint","urlTemplate":"https:\/\/re-arrange.de\/?s={search_term_string}"},"query-input":{"@type":"PropertyValueSpecification","valueRequired":true,"valueName":"search_term_string"}}],"inLanguage":"de"},{"@type":"Organization","@id":"https:\/\/re-arrange.de\/#organization","name":"Rearrange gGmbH","alternateName":"Rearrage","url":"https:\/\/re-arrange.de\/","logo":{"@type":"ImageObject","inLanguage":"de","@id":"https:\/\/re-arrange.de\/#\/schema\/logo\/image\/","url":"https:\/\/re-arrange.de\/wp-content\/uploads\/2023\/07\/REA-Logo-final-500px.png","contentUrl":"https:\/\/re-arrange.de\/wp-content\/uploads\/2023\/07\/REA-Logo-final-500px.png","width":500,"height":205,"caption":"Rearrange gGmbH"},"image":{"@id":"https:\/\/re-arrange.de\/#\/schema\/logo\/image\/"},"sameAs":["https:\/\/www.linkedin.com\/company\/rearrange-ggmbh\/about\/"]}]}},"_links":{"self":[{"href":"https:\/\/re-arrange.de\/deutsch\/wp-json\/wp\/v2\/pages\/90","targetHints":{"allow":["GET"]}}],"collection":[{"href":"https:\/\/re-arrange.de\/deutsch\/wp-json\/wp\/v2\/pages"}],"about":[{"href":"https:\/\/re-arrange.de\/deutsch\/wp-json\/wp\/v2\/types\/page"}],"author":[{"embeddable":true,"href":"https:\/\/re-arrange.de\/deutsch\/wp-json\/wp\/v2\/users\/4"}],"replies":[{"embeddable":true,"href":"https:\/\/re-arrange.de\/deutsch\/wp-json\/wp\/v2\/comments?post=90"}],"version-history":[{"count":10,"href":"https:\/\/re-arrange.de\/deutsch\/wp-json\/wp\/v2\/pages\/90\/revisions"}],"predecessor-version":[{"id":900,"href":"https:\/\/re-arrange.de\/deutsch\/wp-json\/wp\/v2\/pages\/90\/revisions\/900"}],"wp:attachment":[{"href":"https:\/\/re-arrange.de\/deutsch\/wp-json\/wp\/v2\/media?parent=90"}],"curies":[{"name":"wp","href":"https:\/\/api.w.org\/{rel}","templated":true}]}}